 -k = -3*w + 105. Suppose -2*p + w - 12 = 0. List the prime factors of p.
11
Suppose -12*a - f = -10*a - 765, -5*a + 1913 = 3*f. What are the prime factors of a?
2, 191
Let o be ((-52)/(-3) - 2)*3. Suppose 3*c + o = 5*c. List the prime factors of c.
23
Let a(g) = 311*g + 478. List the prime factors of a(8).
2, 1483
What are the prime factors of 5803/2 + 75/(-150)?
3, 967
Suppose o + 3*h - 441 = 187, 2*o - 1256 = -2*h. What are the prime factors of o?
2, 157
Let t(g) = 2*g - 8. Let r be t(5). Suppose -r*k + 11 + 21 = 0. Suppose -k - 50 = -3*y. List the prime factors of y.
2, 11
What are the prime factors of 12 + -8 - 3860/(-4)?
3, 17, 19
Let q(u) = -u**2 - 3*u - 6. Let k be q(0). List the prime factors of (k/10 + (-66)/(-10))*19.
2, 3, 19
Let i = 0 - -5. Suppose 22*h = 17*h + 410. Suppose i*u - h = 28. What are the prime factors of u?
2, 11
Suppose -2*t - 3*i = 3, 2*t - 2*i - 2 = -10. Let m be -6*((-4)/t - 2). Suppose 0 = -m*q - 20, -3*f + 40 = -5*q - 27. List the prime factors of f.
2, 7
Let z(y) = -y**3 + 3*y**2 - 2*y + 2. Let v be z(2). Suppose 5*x + 1 = 11. Suppose 92 = 4*p - 4*b, -p = -x*b + 6*b + v. List the prime factors of p.
2, 3
Let k(q) be the third derivative of -q**5/60 + 2*q**2. Let f be k(0). What are the prime factors of (2/(-1) - -21) + f?
19
Let x = -3778 - -8205. What are the prime factors of x?
19, 233
Let h(s) = 6*s - 22. What are the prime factors of h(41)?
2, 7
Let s = -13 - -18. Suppose 4*d - 312 = -5*p, s*p - 2*d - 92 = 232. Suppose 3*n + n = p. What are the prime factors of n?
2
Let d(w) = -w**3 + 5*w**2 + 5*w + 2. Let l be d(6). Let q(g) = -1. Let u(z) = 13*z + 6. Let v(o) = l*q(o) - u(o). What are the prime factors of v(-3)?
37
List the prime factors of (-28)/((-56)/(-12) - 4)*-57.
2, 3, 7, 19
Let l(s) = -2*s**3 + 16*s**2 + 2*s + 19. Let f = 166 + -158. What are the prime factors of l(f)?
5, 7
Let p(x) = 8*x**2 + 20*x - 20. Let k be p(7). Suppose -1254 = -5*d + 4*j, -k = -2*d + j - 2*j. List the prime factors of d.
2, 127
Let f(d) = -2*d**3 - 2*d**2 - d + 2. Let i = -1 + -1. Let u be f(i). Suppose -u = -4*b, -b = -2*s - s + 9. What are the prime factors of s?
2
Let f = 270 + -222. List the prime factors of f.
2, 3
Suppose -12*f = 2*f - 4648. List the prime factors of f.
2, 83
Let f be (2*-1)/((-7)/42). Suppose -f = -v + 43. What are the prime factors of v?
5, 11
Let v = 112 + 98. What are the prime factors of v?
2, 3, 5, 7
Let m be (-3 - -2)*(13 - 0). Let l(v) = v**3 + 6*v**2 - 3*v - 5. Let h be l(-5). Let q = m + h. List the prime factors of q.
2, 11
What are the prime factors of 48/216 - 44598/(-27)?
2, 7, 59
Let d(f) = -4*f**2 + 14*f - 1. Let n(o) = 4*o**2 - 13*o. Let h(z) = 5*d(z) + 6*n(z). List the prime factors of h(9).
13, 19
Let c(y) = 9*y - y**2 + 9*y - 12 + 0*y. What are the prime factors of c(9)?
3, 23
Let l be (27/36)/((-1)/4). List the prime factors of 47 - (-5 - (l + 2)).
3, 17
What are the prime factors of 20661/7 - 16/28?
13, 227
Let y = 83 - -149. Suppose -2*o - 2*o + y = 0. List the prime factors of o.
2, 29
Let h(b) = -b**2 + 5*b - 4. Let q be h(4). List the prime factors of 4 + (0 - (q - 3)).
7
List the prime factors of (-10393)/(-9) - 24/(-108).
3, 5, 7, 11
Let l(u) = -u - 4. Let s be l(-9). Suppose 2*d = -s*d + 203. What are the prime factors of d?
29
Suppose 2*m = -0*m + 560. Suppose 5*w = 5*c + m, 0 = 5*w + c - 4*c - 288. Suppose -w = -5*v - 5*q, 0 = -2*v + 3*v - 2*q - 21. List the prime factors of v.
3, 5
Let a = 1304 + -140. List the prime factors of a.
2, 3, 97
What are the prime factors of ((-1188)/216)/(1/(-538))?
11, 269
Let y(n) = -2*n + 6. Let j be y(8). Let z(i) = -i**2 - 10*i - 8. Let t be z(j). Let p = 18 + t. What are the prime factors of p?
2, 5
Let t(d) = 5*d + 31. Let b be t(-7). Let w(i) = 6*i**2 - 4*i - 14. What are the prime factors of w(b)?
2, 7
Let f = 5 - 1. Let o(u) = -u**3 + 7*u**2 + 10*u - 5. What are the prime factors of o(f)?
83
Let u(c) = 66*c**2 - 8*c - 3. What are the prime factors of u(2)?
5, 7
Let a(c) = -c**2 + 5*c. Let n be a(4). Suppose 72 = 3*k - 3*x, 2*x = -3*k + n*x + 67. List the prime factors of k.
19
Suppose -66*v + 1519 = -59*v. List the prime factors of v.
7, 31
Let p(w) = 4*w + 38. Let t be p(-9). Suppose 0*l - 5*l + t*q + 474 = 0, -3*l + 5*q = -292. What are the prime factors of l?
2, 47
Let k = 13 - 10. Suppose h = 3*f - 36, k*h + 60 = h + 3*f. Let p = 47 + h. What are the prime factors of p?
23
Suppose -2*y = -8 - 14. Let r = y - 8. Suppose -r*a + 18 = -a. What are the prime factors of a?
3
Suppose -2*l = -0*l - 5*f - 2097, l = -f + 1045. What are the prime factors of l?
2, 523
Let r = -47 + 46. What are the prime factors of r/(3/(-162 + 3))?
53
Suppose -293*q - 3057 = -294*q. List the prime factors of q.
3, 1019
Suppose 5*j - 9 + 4 = 3*h, 0 = 4*j - 3*h - 1. Let t = 7 - j. Suppose g = t*g - 26. What are the prime factors of g?
13
What are the prime factors of (1854 - (-4)/(-2))*10/40?
463
What are the prime factors of (-11)/(-198)*-6*3318/(-1)?
2, 7, 79
Let a(o) = o**3 - 4*o. Let l be a(-2). Suppose l = 3*j - 0*j - 384. What are the prime factors of j?
2
List the prime factors of ((-1749)/44)/(6/(-32)).
2, 53
Let w(o) = o + 2 - 3*o + o. Suppose -5*d - 4*x = 23, d - 8 = -4*x - 3. What are the prime factors of w(d)?
3
Let v(u) = -654*u. What are the prime factors of v(-1)?
2, 3, 109
Let t be (-46)/(-14) + (-8)/28. Suppose 4*l - 7 = -t. Suppose l - 79 = -z. What are the prime factors of z?
2, 3, 13
List the prime factors of (-6 - 26/(-4)) + 20668/8.
2, 17, 19
Suppose 42 = -15*g + 12*g. Let h(r) = -3*r + 6. What are the prime factors of h(g)?
2, 3
Let p(m) = -2*m - 8. Let z be p(-7). Suppose -4*g - k = -12, -z*k + k - 24 = -g. Suppose -38 = g*s - 6*s. List the prime factors of s.
19
Let f(m) = -2*m**2 - 4*m. Let s be f(7). List the prime factors of (s/(-105))/(-1 + (-106)/(-100)).
2, 5
Let g be (-1678)/(-10) - (-5)/25. Suppose -g = -s - 2*s. Let l = s - 34. What are the prime factors of l?
2, 11
Suppose -2*l - 3*y + 287 = 0, -4*l + 609 - 42 = -y. Let n = 139 + l. List the prime factors of n.
281
Let f(h) = h**2 - 2*h - 5. Let i be f(4). Suppose -i*b = 2*d - 2*b - 15, -d = -2*b. Let w(l) = 2*l**2 - 7*l + 8. What are the prime factors of w(d)?
2, 19
Suppose 0 = 9*b - 5*b + 8, -151 = -3*u - 4*b. List the prime factors of u.
53
Suppose -43*d - 150 = -39925. List the prime factors of d.
5, 37
Let x(u) = 2*u**2 + 4*u - 14. What are the prime factors of x(14)?
2, 7, 31
Let b be (2/(-5))/(3/(-60)). Let x(k) = -5*k - 13. Let h(l) = -4*l - 13. Let a(t) = -4*h(t) + 3*x(t). What are the prime factors of a(b)?
3, 7
Suppose 0 = -p + 1 + 2. Let x(y) = 0*y - p*y + 0*y - 4 + 4*y. What are the prime factors of x(8)?
2
Suppose 0 = 2*i - 7*i + 75. Suppose -i*r + 462 = -8*r. List the prime factors of r.
2, 3, 11
Suppose -2*d - 5*w + 479 = 0, -253 = 5*d + 5*w - 1473. What are the prime factors of d?
13, 19
Suppose -4*x + 11 = -3*h, 0*x + 4*h + 8 = 2*x. Suppose w - x = -0*w. Let y = w - -8. List the prime factors of y.
2, 5
Suppose i = 2*u - 212, -5 + 20 = -5*u. Let k = i - -410. List the prime factors of k.
2, 3
Let c be 2/6 + (-87)/(-9). Suppose 5*m + 3 = 18. Suppose -m*i = -c - 50. What are the prime factors of i?
2, 5
Suppose 0 = -3*t - 2*o + 610, -2*o + 210 = t + 2*o. What are the prime factors of t?
2, 101
Let v(b) = -b**3 + 13*b**2 + 4*b + 5. Let x be v(10). Suppose 20*j - x = 15*j. What are the prime factors of j?
3, 23
Let x(t) = -t**2 + 93*t - 465. List the prime factors of x(76).
827
Suppose 0 = w - 0*w + 210. Let z be w/(-55) - 2/(-11). Let g = z - -2. List the prime factors of g.
2, 3
Suppose 74 = -2*p + 5*t, 4*p + 2*t = t - 104. Let x = -28 - p. What are the prime factors of 1 + -51*1*x?
2, 13
Let j be -1*((-4)/2 - 2). Suppose 0 = -11*x + j*x + 525. List the prime factors of x.
3, 5
Suppose -5*q + 462 = 2*t, 0*t + 186 = 2*q + 2*t. Let m(p) = 5*p - 5*p + q*p**2 - p - p**3 - 95*p**2. List the prime factors of m(-4).
2, 5
Suppose 30 = k + 5*k. Let l be k + (2 - -2) + -4. Suppose l*p - 334 = -14. What are the prime factors of p?
2
Let g(m) = -m**3 + 12*m**2 - 2*m - 3. Let a(f) = f**2 + 1. Let h(d) = -5*a(d) + g(d). List the prime factors of h(6).
2
Let i(f) = 8*f**2 + 2*f - 30. What are the prime factors of i(-9)?
2, 3, 5
Let q = -6064 + 9075. List the prime f